 -5*x + 23 = -7, 4*w = -2*x + 112. What is the remainder when 575 is divided by w?
0
Suppose 1000 = -32*a + 52*a. Suppose 18*i - a = 16*i + 2*y, 0 = 5*y + 10. Suppose r + 3*z = 5*r - 24, 4*z = 0. What is the remainder when i is divided by r?
5
Suppose -5*z - 3 = 2*r - 33, -3*r - 4*z = -45. Let f(b) = 3*b**2 - 8*b + 82. What is the remainder when f(5) is divided by 4*(-10)/r*-15?
37
Suppose -6*s - 79 + 133 = 3*s. Suppose -5*p + 14 + 151 = 0. What is the remainder when p is divided by s?
3
Calculate the remainder when (-2*106/(-8))/(-28*(-10)/136080) is divided by 40.
39
Suppose 4*t - 194 = 3*h, t = -t + 2*h + 96. Let p = 8718 - 8696. Calculate the remainder when t is divided by p.
6
Calculate the remainder when 0 + 1/(-13) + (-335501)/(-299) + 19 is divided by 164.
157
Suppose -5*g = -4*w - 1598 - 7952, 0 = 2*g + 3*w - 3820. Calculate the remainder when g is divided by 21.
20
Let n be 245/14*24/21. Calculate the remainder when ((-82)/3)/((n/(-6))/5) is divided by 7.
6
Let v = -25414 + 25589. Calculate the remainder when v is divided by 18.
13
Let s = -19823 + 19912. What is the remainder when 184 is divided by s?
6
Calculate the remainder when 111*((-26)/6 + 10) is divided by 292.
45
Suppose -4*r + s + 2*s - 3 = 0, -3*r = s - 1. Suppose 6 = j + 2*l, j + 5*l - 6 = -r. Calculate the remainder when 47 is divided by j.
5
Suppose 5*l - 23191 + 79433 = 4*q, 0 = 4*q - l - 56266. Calculate the remainder when q is divided by 35.
33
Suppose -432 = -6*q + 2*q. Let s(n) = n**3 - 17*n**2 + 11*n + 304. Calculate the remainder when q is divided by s(15).
13
Suppose 24*h - 22*h + 58 = 4*d, 57 = 4*d - h. Suppose 4 = -4*j, 6*b - j = 3*b + 7. What is the remainder when -18*((-3)/(-6) - b) is divided by d?
13
Suppose -5*m + 17*m - 9552 = -3864. Calculate the remainder when m is divided by 95.
94
Let w = -606 + 576. Let k(u) = -u**3 - 30*u**2 - 3*u - 7. Calculate the remainder when 160 is divided by k(w).
77
Suppose -8*i - 699 = -1811. Suppose -b + 0*h + 4*h = -38, -3*h - i = -5*b. Let s = b - 7. What is the remainder when 149 is divided by s?
16
Let u(t) = t**2 - 960*t + 8571. Suppose -d - 3 = -2*d. Let j(s) = 5*s**2 - 5*s + 2. Calculate the remainder when j(d) is divided by u(9).
8
Let r be (7/((-70)/45))/((-9)/6). Suppose l + 21 = 3*u + 36, -r*l + 65 = -5*u. What is the remainder when 449 is divided by l?
29
Suppose -13*z + 4*z + 243 = 0. Calculate the remainder when z is divided by 356/20 + (-42)/(-35).
8
Suppose 3*j + j = 4*w - 6956, j - 4 = 0. What is the remainder when 1/(-4) - (w/(-12) + 3) is divided by 48?
46
Let a(i) = 729*i + 31375. Calculate the remainder when (-742)/(-8) - 2/(-8) is divided by a(-43).
9
Let i(v) = -2*v**3 - 11*v**2 + 63*v + 355. What is the remainder when 3034 is divided by i(-6)?
5
Suppose -3306 = 16*l - 54*l. What is the remainder when 261 is divided by l?
0
Suppose -2*o - 701 = 5*i - 1838, -1097 = -2*o + 3*i. What is the remainder when o is divided by 62?
60
Suppose 0 = -z + 101 - 30. Let i(j) = 12*j - 58. Let p be i(10). Let w = -43 + p. Calculate the remainder when z is divided by w.
14
Suppose -20 = -g - 0*g. Let z = -3750 + 1806. Calculate the remainder when 4/(-34) + z/(-51) is divided by g.
18
Let j = -13846 - -14496. What is the remainder when j is divided by 41?
35
Let p(c) = -c + 7. Let n be p(11). Suppose 14*i - 36 = 8*i. Calculate the remainder when (-2 - 21)*(-5 - n) is divided by i.
5
Suppose 0 = 5776*b - 5777*b + 68. Calculate the remainder when 907 is divided by b.
23
Suppose 5*z - 10 = 110. Suppose -u + 159 = -2*x, x = -u - 4*u - 52. What is the remainder when -21*(x/24 + 2/(-16)) is divided by z?
22
Suppose -5*p + 7*p + 2*x = 496, 0 = -5*p + 4*x + 1285. Calculate the remainder when p is divided by 242.
11
Let k(v) = 3*v**2 + 32*v + 30. Let u be k(-10). Let c(y) = -5*y + 64. What is the remainder when 22 is divided by c(u)?
8
Let u(s) = 22*s + 604. Calculate the remainder when 2207 is divided by u(-25).
47
Let u = 756 - 538. Let v(g) = -3*g**3 - 6*g**2 - 11*g - 16. Let q = 20 - 23. What is the remainder when u is divided by v(q)?
42
What is the remainder when 10/30 - (-219)/9*74 is divided by 82?
79
Let j(c) = -c**3 + 2*c**2 + 11*c - 19. Let n be j(3). Suppose 0*p - 4*p + 164 = -n*s, -72 = -2*p + 5*s. Calculate the remainder when p is divided by 6.
4
Let l(k) = 833*k - 1406. Calculate the remainder when 578 is divided by l(2).
58
What is the remainder when 5845 is divided by (2 - 5) + (-80)/8 + 185?
169
Let c(r) = 2191*r + 31. Calculate the remainder when 365 is divided by c(0).
24
Let x(l) be the second derivative of l**4/4 - 13*l**3/6 + 7*l**2 - 49*l. Calculate the remainder when 12 is divided by x(4).
2
Let c be (6/(-3) - 1) + (-1 - 4). Let i(j) = -2*j**2 + j + 1. Let b be i(-3). Let n = c - b. What is the remainder when 22 is divided by n?
10
What is the remainder when 8469993/392 + 15 - 1/8 is divided by 25?
22
Let y(u) be the second derivative of u**5/20 - u**4/6 + 2*u**3/3 + 2*u**2 + 3*u - 4. Let l(s) = -2*s - 1. What is the remainder when y(3) is divided by l(-5)?
7
Let t(n) = n**2 - 11*n - 99. Let d be t(17). Suppose -2*l + d*b = -10, -43 = 5*b - 63. What is the remainder when l is divided by 2?
1
Let h = 885 + -822. What is the remainder when 177 is divided by h?
51
Let p be 26684/49 + 5 + (-8)/14. Suppose 6*j + 423 = p. What is the remainder when (156/3)/(1 + 0) is divided by j?
10
Let y = -6172 - -6426. What is the remainder when y is divided by 20?
14
Suppose 15*z + 7515 + 5581 = 52516. What is the remainder when z is divided by 31?
24
Let q = 2751 + -686. Calculate the remainder when q is divided by 46.
41
Suppose -5*i - 2*r = 23 - 58, 0 = -2*r. Suppose -i*o + 200 + 822 = 0. Suppose 676 + o = 6*x. Calculate the remainder when x is divided by 23.
22
Let m be (2 + 5 - -2) + -3. Let p(s) = 9*s + 24 - 12*s - 1. What is the remainder when 12 is divided by p(m)?
2
Suppose 4*h = 66 + 94. Suppose 38*n - 47*n = -27. Suppose 0 = 5*i + 15, 0*i + 246 = n*p - 4*i. What is the remainder when p is divided by h?
38
Let v = -4589 - -4629. Calculate the remainder when 2517 is divided by v.
37
Let w = -5145 - -5345. What is the remainder when 366 is divided by w?
166
What is the remainder when 417 is divided by 2/26*-1 + (-690900)/(-6110)?
78
Let i = 37 + -35. Suppose i*c = -5*p + c - 90, 5*p - 3*c + 90 = 0. What is the remainder when 26 is divided by ((-20)/30)/((-1)/(p/(-4)))?
2
Let l(o) = -4*o**3 - 23*o**2 - 13*o - 87. What is the remainder when 1033 is divided by l(-6)?
7
Let b be (0 - -123)*(-33)/(-99). Let d be ((-4)/10)/((-3)/495). Let m = d + b. What is the remainder when m is divided by 27?
26
Suppose -8*p + 10*p = 4. Suppose -2 = b + p. Calculate the remainder when 123 is divided by 6/b + (-630)/(-28).
18
Let f = -1423 - -1730. What is the remainder when f is divided by 6?
1
Let f(d) = 6*d**3 - 3*d**2 + 1. Calculate the remainder when f(2) is divided by 71/(-355) + 3*453/45.
7
Let t = -1278 - -1844. Calculate the remainder when t is divided by 95.
91
Let w = 20 + -15. Suppose m + 29 = w*q, 0*q - 2*m - 3 = q. Suppose -3*y - 2*i = -93, -q*y + 3*i - i = -155. What is the remainder when 57 is divided by y?
26
What is the remainder when (0 + 14/(-42))/((-15788)/15786 - -1) is divided by 14?
13
What is the remainder when 41/((255/4)/(-17) - -4) is divided by 5?
4
Let w = -381591 - -381593. Let s(a) = 5*a**2 - 2*a - 1. Let f be s(-2). Let v = -16 + f. Calculate the remainder when v is divided by w.
1
Let a(t) = -9*t - 44. Let p be a(-5). Let w be 4 + p*10/(-5). Suppose 68 - 34 = w*v. What is the remainder when 31 is divided by v?
14
Calculate the remainder when (-9)/((0 - 6/300)*2) is divided by 60.
45
Let p(g) = 242*g + 4618. What is the remainder when 59 is divided by p(-19)?
19
Let l(o) = -o**2 - 8*o - 4. Suppose 4*t = 4 - 32. Let f be l(t). Let x(u) = 3*u**2 - 5*u + 3. What is the remainder when 26 is divided by x(f)?
11
Let z(q) = -3*q**3 - q + 633. Let m be (-12)/12*(0 - 0). Calculate the remainder when z(m) is divided by 58.
53
Suppose 18*b = 15*b - 33. Let c = -11 - b. Suppose 4*z - 3*j = 66, 5*z - 73 = -c*z - j. Calculate the remainder when 117 is divided by z.
12
Suppose -2*q + 3*q = -12. Suppose 18*r + 4*r = -13*r + 840. Calculate the remainder when (7*-1)/(q/r) is divided by 9.
5
Let k = 17 - -2898. W